 91. What is w(10)?
131
Let a(t) = 9*t**2 + 239*t + 1195. What is a(-5)?
225
Let d(t) = 2*t**2 + 17*t + 34. Calculate d(-11).
89
Let h(j) = j**2 - 364*j + 4229. Give h(12).
5
Let z(i) = -i**2 - 78*i - 180. Determine z(-76).
-28
Let q(x) = -x**2 + 100*x - 2440. What is q(56)?
24
Let n(l) = 6*l + 153. Calculate n(-30).
-27
Let p(b) = -15*b - 201. What is p(-22)?
129
Let h(u) = -3*u**3 + 35*u**2 - 60*u + 95. What is h(10)?
-5
Let u(w) = -7*w**2 - 26*w - 33. Give u(-10).
-473
Let y(s) = -27*s**2 - 33*s + 62. What is y(5)?
-778
Let g(k) = -k**2 - 400*k - 39998. Determine g(-199).
1
Let l(m) = -15*m**2 - 52*m + 245. What is l(-6)?
17
Let v(z) = z**3 + 50*z**2 - 174*z - 815. What is v(-53)?
-20
Let m(i) = 15*i - 794. Calculate m(53).
1
Let h(n) = n**3 - 87*n**2 + 83*n + 243. Give h(86).
-15
Let x(v) = -v**3 - 47*v**2 + 204*v + 173. Determine x(-51).
173
Let a(p) = -p**3 - 28*p**2 + 60*p + 16. What is a(-30)?
16
Let v(q) = -q**3 - 53*q**2 - 2*q + 127. Determine v(-53).
233
Let d(q) = -5*q**2 + 30*q - 342. Give d(6).
-342
Let n(d) = d**3 + 13*d**2 + 2*d - 10. Give n(-13).
-36
Let k(m) = 4*m**3 + 55*m**2 - 15*m - 22. Determine k(-14).
-8
Let b(g) = 2*g**2 - 51*g - 178. What is b(29)?
25
Let t(r) = 5516*r - 66199. Calculate t(12).
-7
Let p(v) = -v**2 - 15*v - 20. Give p(-10).
30
Let u(x) = x**3 + 26*x**2 + 18*x - 156. What is u(-25)?
19
Let g(x) = 28*x + 521. Give g(-9).
269
Let i(d) = 7*d**2 - 130*d + 111. Give i(19).
168
Let m(i) = -i**3 - 6*i**2 - 4*i + 8. Give m(-4).
-8
Let b(q) = q**3 - 5*q**2 - 141*q + 211. Determine b(14).
1
Let q(n) = n**3 - 43*n**2 - 96*n + 224. Give q(45).
-46
Let b(c) = c**3 + 102*c**2 - 204*c + 398. Determine b(-104).
-18
Let j(o) = -2*o**2 + 2*o - 36. Determine j(5).
-76
Let p(m) = 7*m**2 + 78*m - 1. Give p(-9).
-136
Let s(d) = -2*d**2 - 11*d + 85. Calculate s(-8).
45
Let g(h) = -5*h**2 - 55*h - 270. Give g(-5).
-120
Let t(y) = y**3 - 2*y**2 - 20. Calculate t(0).
-20
Let l(h) = -h**3 - 11*h**2 - 13*h - 138. Determine l(-11).
5
Let x(h) = h**3 - 7*h**2 + 19*h - 13. What is x(7)?
120
Let f(l) = -l**2 + 20*l + 585. Calculate f(36).
9
Let d(i) = 6*i**3 + 43*i - 8. What is d(0)?
-8
Let g(d) = 5*d**2 + 125*d + 314. Calculate g(-22).
-16
Let z(j) = 597*j + 2991. Calculate z(-5).
6
Let j(h) = 285*h + 3965. Calculate j(-14).
-25
Let t(l) = -7*l**2 + 3*l - 7. Give t(-1).
-17
Let g(c) = -127*c**2 + 120*c - 121. What is g(1)?
-128
Let r(z) = z**2 + 142*z + 671. What is r(-5)?
-14
Let u(h) = 10*h**2 + 477*h - 156. Calculate u(-48).
-12
Let x(v) = -349*v - 1741. What is x(-5)?
4
Let v(s) = -1222*s - 6097. Calculate v(-5).
13
Let c(f) = -f**3 - 5*f**2 - 11*f - 28. Give c(-3).
-13
Let z(t) = 2*t**3 - 45*t**2 - 16*t - 111. What is z(23)?
50
Let w(r) = 55*r - 38. Determine w(5).
237
Let i(b) = -b**2 + 10*b - 14. Calculate i(1).
-5
Let k(c) = -10*c**3 - 72*c**2 - 119*c + 30. What is k(-4)?
-6
Let f(k) = -6*k**3 + 156*k**2 - 7*k + 169. Calculate f(26).
-13
Let m(d) = -178*d + 4787. Give m(27).
-19
Let s(i) = 9*i - 144. Determine s(24).
72
Let r(q) = -231*q + 35. Calculate r(-1).
266
Let u(g) = 183*g**2 + 13*g - 25. What is u(2)?
733
Let u(n) = -n**3 + 88*n**2 - 77*n - 864. What is u(87)?
6
Let w(c) = 439*c - 881. What is w(2)?
-3
Let h(r) = -6*r**2 + 17*r - 8. Give h(3).
-11
Let a(c) = -c**2 + 34*c + 154. Determine a(36).
82
Let d(f) = -1671*f - 51808. What is d(-31)?
-7
Let u(j) = 18*j - 61. Give u(13).
173
Let m(t) = t**2 + 241*t - 20617. Give m(67).
19
Let h(w) = -w**3 - 62*w**2 - 475*w + 95. What is h(-53)?
-11
Let j(s) = 93*s + 236. Determine j(-7).
-415
Let c(u) = -77*u + 453. What is c(6)?
-9
Let k(w) = w**3 - 3*w**2 - 23*w - 30. Give k(7).
5
Let q(o) = -o**2 - 19*o + 27. Give q(-17).
61
Let f(u) = u**3 + 37*u**2 - 3*u - 69. Calculate f(-37).
42
Let w(h) = h**2 - 242*h - 1784. Determine w(-7).
-41
Let d(i) = 8*i + 119. Give d(-8).
55
Let g(f) = -585*f + 28661. What is g(49)?
-4
Let n(o) = -o**3 - 6*o**2 + 60*o - 84. Give n(-12).
60
Let s(l) = 3*l**2 - 47*l + 398. What is s(20)?
658
Let g(a) = 75*a - 2782. Calculate g(37).
-7
Let j(p) = p**2 - 60*p - 184. Determine j(62).
-60
Let i(c) = -c**3 + 12*c**2 + 8*c + 58. What is i(13)?
-7
Let t(z) = -953*z - 26679. Determine t(-28).
5
Let o(h) = -82*h - 220. What is o(-3)?
26
Let r(y) = -8*y - 302. Give r(-47).
74
Let a(p) = p**3 + 8*p**2 + 11*p - 6. Calculate a(-5).
14
Let c(i) = i**2 + 9*i - 296. Determine c(-25).
104
Let l(c) = -6*c**3 - 3*c**2 - 14*c - 14. Give l(-1).
3
Let l(o) = 4*o**3 + 38*o**2 - 131*o - 1329. Determine l(-9).
12
Let x(l) = -4*l**2 + 1470*l + 18217. Calculate x(-12).
1
Let t(a) = 8*a + 555. Give t(-92).
-181
Let r(m) = -5*m**2 + 120*m - 325. What is r(3)?
-10
Let l(x) = -x**2 - 53*x - 289. Give l(-46).
33
Let h(k) = 238*k - 228. Calculate h(1).
10
Let m(z) = -z**3 - 13*z**2 - 8*z + 200. Determine m(-10).
-20
Let p(u) = 10*u**3 + 141*u**2 + 51*u + 514. Give p(-14).
-4
Let m(w) = -28*w + 236. Determine m(16).
-212
Let m(b) = 19*b**3 - 2*b**2 - 2*b + 5. What is m(1)?
20
Let b(p) = 3*p**3 - 28*p**2 + 44*p + 12. Give b(7).
-23
Let k(f) = 13*f - 146. Calculate k(8).
-42
Let d(p) = -p**3 + 20*p**2 - 91*p + 45. Determine d(6).
3
Let n(b) = -5*b + 99. Give n(8).
59
Let k(n) = -2*n**3 - 8*n**2 - 15*n - 26. Calculate k(-4).
34
Let i(q) = -5*q**2 - 11*q + 75. What is i(0)?
75
Let j(d) = d**2 + 1106*d + 28056. Determine j(-26).
-24
Let g(x) = -12*x + 226. What is g(24)?
-62
Let i(o) = -o**3 + 85*o**2 + 67*o + 1656. Calculate i(86).
22
Let u(c) = c**3 + 29*c**2 + 200*c + 97. Give u(-10).
-3
Let t(j) = -3*j**3 + 10*j**2 + 76*j + 111. Give t(-2).
23
Let w(b) = -80*b - 1025. Determine w(-17).
335
Let x(h) = 8*h**2 - 14*h + 4. Give x(2).
8
Let h(l) = l**3 - 76*l + 12. Calculate h(0).
12
Let z(x) = -x**2 - 76*x - 1254. What is z(-24)?
-6
Let x(i) = -i + 210. Calculate x(76).
134
Let p(x) = 3*x**2 - 173*x + 2271. Give p(20).
11
Let q(u) = u**2 - 976*u + 232662. Determine q(414).
-6
Let i(v) = -10*v**2 + 174*v - 448. What is i(3)?
-16
Let o(n) = n**2 + 23*n + 108. Calculate o(-17).
6
Let d(n) = n**3 + 56*n**2 - 277*n - 2221. Give d(-60).
-1
Let j(s) = -106*s - 37. Calculate j(0).
-37
Let m(w) = -w**3 - 2*w**2 - 332*w - 1335. Give m(-4).
25
Let y(q) = 257*q - 764. Determine y(3).
7
Let l(k) = -22*k**2 + 205*k - 18. Give l(9).
45
Let t(q) = -35*q + 163. Determine t(5).
-12
Let p(f) = -f**3 - 41*f**2 - 416*f - 108. What is p(-22)?
-152
Let x(n) = -4*n**3 - 32*n**2 - 5*n - 41. Calculate x(-8).
-1
Let k(u) = -u**3 + 7*u**2 + 46. Calculate k(0).
46
Let a(i) = -4*i**3 + 100*i**2 - 18*i - 92. Give a(25).
-542
Let c(a) = -41*a**2 + 63*a - 65. What is c(1)?
-43
Let v(j) = -j**2 + 77*j - 1143. Calculate v(17).
-123
Let w(q) = -71*q - 707. Calculate w(-6).
-281
Let z(t) = 7147*t + 14312. Determine z(-2).
18
Let a(t) = -t**3 - 74*t**2 + 396*t + 79. What is a(-79)?
0
Let h(x) = -1190*x + 3675. What is h(3)?
105
Let c(i) = i**3 - 277*i**2 + 296*i - 5496. Calculate c(276).
24
Let l(m) = -m**3 + 3*m**2 + 23*m - 50. What is l(8)?
-186
Let a(t) = -43*t**2 - 349*t - 53. Give a(-8).
-13
Let l(u) = -23*u + 1684. Give l(73).
5
Let f(t) = -t**2 + 183*t - 1893. Determine f(172).
-1
Let j(l) = 469*l - 11734. What is j(25)?
-9
Let s(g) = 3290*g + 3303. Determine s(-1).
13
Let y(k) = -179*k - 4230. Calculate y(-25).
245
Let z(n) = -n**3 - 6*n**2 + 10*n + 3. Calculate z(0).
3
Let v(a) = -a**3 - 17*a**2 - 32*a - 218. What is v(-16)?
38
Let r(s) = 1109*s**2 + 37*s + 30. Determine r(-1).
1102
Let g(b) = b**3 - 15*b**2 + 59*b - 429. Determine g(13).
0
Let a(r) = -4*r**3 - 8*r**2 - 11*r - 16. Determine a(-5).
339
Let k(r) = -76*r**3 + 76*r**2 + r - 8. What is k(1)?
-7
Let p(i) = i**3 + 3*i**2 + 9*i + 19. Give p(-3).
-8
Let r(o) = -125*o - 10. Calculate r(4).
-510
Let j(d) = -3*d**2 + 270*d + 279. Give j(91).
6
Let q(x) = -169*x + 1. What is q(0)?
1
Let r(c) = -200*c - 1271. Determine r(-5).
-271
Let x(g) = 112*g - 4. What is x(1)?
108
Let h(m) = -767*m + 53677. Give h(70).
-13
Let z(c) = 6*c + 87. Determine z(-4).
63
Let w(g) = 55*g - 657. Give w(13).
58
Let s(r) = r**3 - 14*r**2 + 12*r - 3. Determine s(5).
-168
Let s(v) = -v**3 + 9*v**2 - 4*v - 4. Determine s(9).
-40
Let y(c) = c**2 - 67*c + 830. Determine y(49).
-52
Let p(f) = f**2 - 61*f + 887. Give p(38).
13
Let z(s) = s**3 - 18*s**2 + 9*s + 142. Determine z(17).
6
L